 of 18 and 3897?
9
What is the greatest common divisor of 32 and 16144?
16
Calculate the greatest common divisor of 78 and 768.
6
Calculate the greatest common factor of 1037 and 17.
17
What is the highest common divisor of 14 and 48?
2
What is the highest common divisor of 3460 and 40?
20
What is the greatest common factor of 156 and 182?
26
Calculate the highest common factor of 211 and 6541.
211
What is the greatest common factor of 9396 and 232?
116
What is the highest common factor of 76 and 4?
4
What is the highest common factor of 42 and 3450?
6
What is the highest common factor of 126 and 1134?
126
What is the highest common divisor of 10420 and 50?
10
Calculate the highest common divisor of 183 and 12993.
183
What is the greatest common divisor of 255 and 3495?
15
Calculate the highest common factor of 2024 and 460.
92
What is the greatest common factor of 13 and 44135?
13
What is the greatest common factor of 88 and 110?
22
Calculate the greatest common factor of 157 and 18526.
157
Calculate the greatest common divisor of 327 and 12.
3
What is the greatest common divisor of 22 and 198?
22
Calculate the highest common factor of 48 and 21.
3
What is the highest common factor of 11 and 47267?
11
What is the greatest common factor of 6 and 39?
3
Calculate the highest common factor of 74 and 326.
2
Calculate the highest common divisor of 238 and 854.
14
What is the greatest common factor of 17 and 425?
17
What is the highest common factor of 224 and 29792?
224
Calculate the highest common divisor of 117 and 243.
9
Calculate the greatest common divisor of 1232 and 16.
16
What is the highest common divisor of 36 and 276?
12
What is the highest common factor of 1128 and 168?
24
What is the greatest common factor of 25 and 2475?
25
Calculate the greatest common divisor of 48 and 9.
3
What is the greatest common factor of 62 and 1984?
62
Calculate the highest common factor of 391 and 115.
23
Calculate the greatest common divisor of 736 and 2024.
184
Calculate the greatest common factor of 34 and 9962.
34
Calculate the greatest common divisor of 171 and 209.
19
Calculate the highest common divisor of 38 and 418.
38
Calculate the greatest common factor of 1860 and 180.
60
Calculate the highest common divisor of 154 and 429.
11
What is the highest common factor of 30 and 8475?
15
What is the highest common factor of 715 and 275?
55
Calculate the greatest common divisor of 36 and 172.
4
What is the highest common divisor of 175 and 70?
35
Calculate the highest common divisor of 296 and 16.
8
Calculate the highest common factor of 10224 and 96.
48
What is the highest common factor of 280 and 392?
56
What is the highest common divisor of 5850 and 150?
150
Calculate the highest common divisor of 672 and 756.
84
Calculate the highest common divisor of 377 and 299.
13
What is the greatest common divisor of 513 and 9?
9
What is the greatest common factor of 5 and 149?
1
Calculate the greatest common divisor of 4221 and 315.
63
What is the greatest common divisor of 144 and 29160?
72
What is the greatest common divisor of 333 and 296?
37
Calculate the highest common factor of 11 and 12353.
11
What is the highest common divisor of 121 and 88?
11
What is the greatest common factor of 205 and 123?
41
What is the highest common divisor of 1365 and 105?
105
What is the greatest common factor of 115 and 12995?
115
Calculate the greatest common divisor of 165 and 405.
15
Calculate the greatest common factor of 8124 and 156.
12
What is the highest common divisor of 32 and 752?
16
What is the greatest common divisor of 44 and 1562?
22
Calculate the highest common divisor of 882 and 504.
126
What is the highest common divisor of 833 and 49?
49
Calculate the highest common factor of 12 and 2698.
2
What is the highest common factor of 18 and 6?
6
Calculate the greatest common factor of 165 and 30.
15
Calculate the greatest common factor of 7 and 5103.
7
Calculate the greatest common divisor of 45 and 1413.
9
Calculate the highest common divisor of 13 and 26.
13
What is the greatest common factor of 3 and 12?
3
What is the highest common divisor of 228 and 6?
6
What is the highest common divisor of 80 and 1960?
40
Calculate the highest common factor of 50 and 34525.
25
Calculate the greatest common factor of 92 and 11293.
23
What is the highest common divisor of 41 and 164?
41
What is the highest common divisor of 702 and 26?
26
What is the greatest common divisor of 73 and 1679?
73
What is the greatest common factor of 323 and 133?
19
What is the highest common divisor of 279 and 9?
9
What is the greatest common divisor of 1944 and 60?
12
What is the highest common divisor of 1458 and 45?
9
What is the highest common divisor of 28 and 84?
28
Calculate the highest common divisor of 14580 and 40.
20
What is the greatest common factor of 124 and 124?
124
What is the highest common divisor of 42 and 2226?
42
What is the greatest common divisor of 476 and 119?
119
Calculate the highest common divisor of 14055 and 3.
3
What is the greatest common factor of 324 and 204?
12
Calculate the highest common factor of 10 and 45.
5
What is the greatest common divisor of 2701 and 37?
37
What is the highest common factor of 11 and 4?
1
Calculate the highest common divisor of 225 and 666.
9
What is the highest common divisor of 40557 and 33?
33
Calculate the greatest common divisor of 4588 and 148.
148
Calculate the greatest common factor of 616 and 56.
56
Calculate the greatest common divisor of 13 and 1.
1
What is the highest common factor of 80 and 860?
20
What is the greatest common factor of 70 and 1330?
70
Calculate the greatest common factor of 74709 and 27.
27
What is the highest common factor of 3213 and 595?
119
What is the greatest common factor of 66 and 143?
11
What is the greatest common divisor of 6219 and 18?
9
Calculate the highest common divisor of 3 and 25.
1
Calculate the greatest common divisor of 2052 and 486.
54
What is the greatest common divisor of 26 and 130?
26
What is the highest common factor of 576 and 2624?
64
Calculate the highest common divisor of 536 and 871.
67
Calculate the greatest common divisor of 21907 and 38.
19
Calculate the highest common factor of 8701 and 77.
77
Calculate the highest common factor of 360 and 270.
90
Calculate the highest common factor of 126 and 90.
18
What is the greatest common factor of 110 and 308?
22
Calculate the greatest common divisor of 42 and 30.
6
Calculate the highest common divisor of 30 and 30.
30
Calculate the highest common divisor of 4 and 243.
1
What is the greatest common factor of 297 and 27?
27
What is the greatest common divisor of 475 and 50?
25
What is the greatest common factor of 2759 and 267?
89
Calculate the highest common factor of 252 and 1098.
18
Calculate the greatest common divisor of 1404 and 65.
13
Calculate the greatest common factor of 154 and 286.
22
What is the greatest common factor of 1210 and 495?
55
Calculate the highest common factor of 30 and 41310.
30
What is the highest common divisor of 25521 and 141?
141
What is the greatest common factor of 4 and 36?
4
What is the highest common factor of 625 and 100?
25
Calculate the greatest common factor of 1160 and 10.
10
Calculate the greatest common divisor of 106 and 4.
2
Calculate the greatest common divisor of 264 and 1980.
132
Calculate the greatest common factor of 27 and 108.
27
What is the highest common divisor of 28 and 812?
28
What is the highest common factor of 13 and 364?
13
Calculate the highest common factor of 49 and 4704.
49
What is the greatest common factor of 3 and 924?
3
What is the greatest common divisor of 12 and 228?
12
What is the highest common divisor of 116 and 11948?
116
Calculate the highest common divisor of 16 and 400.
16
Calculate the greatest common factor of 9 and 15237.
9
What is the highest common factor of 143 and 299?
13
What is the highest common divisor of 148 and 37?
37
What is the greatest common divisor of 297 and 77?
11
Calculate the highest common factor of 793 and 122.
61
Calculate the greatest common factor of 9 and 21.
3
What is the greatest common factor of 64 and 88?
8
Calculate the highest common divisor of 299 and 23.
23
What is the greatest common divisor of 45 and 35?
5
What